{"id":1080,"date":"2022-01-21T16:52:55","date_gmt":"2022-01-21T16:52:55","guid":{"rendered":"https:\/\/accattap.com.ar\/?page_id=1080"},"modified":"2022-01-31T19:13:06","modified_gmt":"2022-01-31T19:13:06","slug":"campus-virtual","status":"publish","type":"page","link":"https:\/\/accattap.com.ar\/?page_id=1080","title":{"rendered":"Campus Virtual"},"content":{"rendered":"\t\t<div data-elementor-type=\"wp-page\" data-elementor-id=\"1080\" class=\"elementor elementor-1080\">\n\t\t\t\t\t\t<section class=\"elementor-section elementor-top-section elementor-element elementor-element-13e4267 elementor-section-boxed elementor-section-height-default elementor-section-height-default\" data-id=\"13e4267\" data-element_type=\"section\" data-e-type=\"section\" data-settings=\"{&quot;background_background&quot;:&quot;classic&quot;}\">\n\t\t\t\t\t\t\t<div class=\"elementor-background-overlay\"><\/div>\n\t\t\t\t\t\t\t<div class=\"elementor-container elementor-column-gap-default\">\n\t\t\t\t\t<div class=\"elementor-column elementor-col-100 elementor-top-column elementor-element elementor-element-6c10ad6\" data-id=\"6c10ad6\" data-element_type=\"column\" data-e-type=\"column\">\n\t\t\t<div class=\"elementor-widget-wrap elementor-element-populated\">\n\t\t\t\t\t\t<div class=\"elementor-element elementor-element-945c23d elementor-widget elementor-widget-heading\" data-id=\"945c23d\" data-element_type=\"widget\" data-e-type=\"widget\" data-widget_type=\"heading.default\">\n\t\t\t\t<div class=\"elementor-widget-container\">\n\t\t\t\t\t<h1 class=\"elementor-heading-title elementor-size-default\">CAMPUS VIRTUAL<\/h1>\t\t\t\t<\/div>\n\t\t\t\t<\/div>\n\t\t\t\t\t<\/div>\n\t\t<\/div>\n\t\t\t\t\t<\/div>\n\t\t<\/section>\n\t\t\t\t<section class=\"elementor-section elementor-top-section elementor-element elementor-element-941cf58 elementor-section-boxed elementor-section-height-default elementor-section-height-default\" data-id=\"941cf58\" data-element_type=\"section\" data-e-type=\"section\">\n\t\t\t\t\t\t<div class=\"elementor-container elementor-column-gap-default\">\n\t\t\t\t\t<div class=\"elementor-column elementor-col-100 elementor-top-column elementor-element elementor-element-5e7b68f\" data-id=\"5e7b68f\" data-element_type=\"column\" data-e-type=\"column\">\n\t\t\t<div class=\"elementor-widget-wrap elementor-element-populated\">\n\t\t\t\t\t\t<div class=\"elementor-element elementor-element-2f8435c elementor-widget elementor-widget-text-editor\" data-id=\"2f8435c\" data-element_type=\"widget\" data-e-type=\"widget\" data-widget_type=\"text-editor.default\">\n\t\t\t\t<div class=\"elementor-widget-container\">\n\t\t\t\t\t\t\t\t\t<p>Nuestras aulas virtuales son un entorno digital en el que se puede llevar a cabo un proceso de intercambio de conocimientos que tiene por objetivo posibilitar un aprendizaje entre los usuarios que participan en el aula. Las mismas se desarrollan dentro de un espacio a trav\u00e9s de una plataforma online en la que se pueden compartir contenidos dictados por profesores especializados en la materia y los alumnos, y en el que se atienden consultas, dudas y evaluaciones de los participantes.<\/p>\t\t\t\t\t\t\t\t<\/div>\n\t\t\t\t<\/div>\n\t\t\t\t<div class=\"elementor-element elementor-element-a26baad elementor-widget elementor-widget-image\" data-id=\"a26baad\" data-element_type=\"widget\" data-e-type=\"widget\" data-widget_type=\"image.default\">\n\t\t\t\t<div class=\"elementor-widget-container\">\n\t\t\t\t\t\t\t\t\t\t\t\t\t\t\t<img fetchpriority=\"high\" decoding=\"async\" width=\"1024\" height=\"682\" src=\"https:\/\/accattap.com.ar\/wp-content\/uploads\/2020\/04\/photo-of-people-standing-on-top-of-mountain-near-grasses-733162-1024x682.jpg\" class=\"attachment-large size-large wp-image-67\" alt=\"\" srcset=\"https:\/\/accattap.com.ar\/wp-content\/uploads\/2020\/04\/photo-of-people-standing-on-top-of-mountain-near-grasses-733162-1024x682.jpg 1024w, https:\/\/accattap.com.ar\/wp-content\/uploads\/2020\/04\/photo-of-people-standing-on-top-of-mountain-near-grasses-733162-300x200.jpg 300w, https:\/\/accattap.com.ar\/wp-content\/uploads\/2020\/04\/photo-of-people-standing-on-top-of-mountain-near-grasses-733162-768x512.jpg 768w, https:\/\/accattap.com.ar\/wp-content\/uploads\/2020\/04\/photo-of-people-standing-on-top-of-mountain-near-grasses-733162.jpg 1280w\" sizes=\"(max-width: 1024px) 100vw, 1024px\" \/>\t\t\t\t\t\t\t\t\t\t\t\t\t\t\t<\/div>\n\t\t\t\t<\/div>\n\t\t\t\t<div class=\"elementor-element elementor-element-619e4d2 elementor-align-center elementor-widget elementor-widget-button\" data-id=\"619e4d2\" data-element_type=\"widget\" data-e-type=\"widget\" data-widget_type=\"button.default\">\n\t\t\t\t<div class=\"elementor-widget-container\">\n\t\t\t\t\t\t\t\t\t<div class=\"elementor-button-wrapper\">\n\t\t\t\t\t<a class=\"elementor-button elementor-button-link elementor-size-sm\" href=\"https:\/\/accattap.moodlecloud.com\/login\/index.php\">\n\t\t\t\t\t\t<span class=\"elementor-button-content-wrapper\">\n\t\t\t\t\t\t\t\t\t<span class=\"elementor-button-text\">acceso al campus virtual<\/span>\n\t\t\t\t\t<\/span>\n\t\t\t\t\t<\/a>\n\t\t\t\t<\/div>\n\t\t\t\t\t\t\t\t<\/div>\n\t\t\t\t<\/div>\n\t\t\t\t\t<\/div>\n\t\t<\/div>\n\t\t\t\t\t<\/div>\n\t\t<\/section>\n\t\t\t\t<\/div>\n\t\t","protected":false},"excerpt":{"rendered":"<p>CAMPUS VIRTUAL Nuestras aulas virtuales son un entorno digital en el que se puede llevar a cabo un proceso de intercambio de conocimientos que tiene por objetivo posibilitar un aprendizaje entre los usuarios que participan en el aula. Las mismas se desarrollan dentro de un espacio a trav\u00e9s de una plataforma online en la que [&hellip;]<\/p>\n","protected":false},"author":1,"featured_media":0,"parent":0,"menu_order":0,"comment_status":"closed","ping_status":"closed","template":"","meta":{"_uag_custom_page_level_css":"","site-sidebar-layout":"no-sidebar","site-content-layout":"page-builder","ast-site-content-layout":"default","site-content-style":"default","site-sidebar-style":"default","ast-global-header-display":"","ast-banner-title-visibility":"","ast-main-header-display":"","ast-hfb-above-header-display":"","ast-hfb-below-header-display":"","ast-hfb-mobile-header-display":"","site-post-title":"disabled","ast-breadcrumbs-content":"","ast-featured-img":"disabled","footer-sml-layout":"","ast-disable-related-posts":"","theme-transparent-header-meta":"","adv-header-id-meta":"","stick-header-meta":"","header-above-stick-meta":"","header-main-stick-meta":"","header-below-stick-meta":"","astra-migrate-meta-layouts":"default","ast-page-background-enabled":"default","ast-page-background-meta":{"desktop":{"background-color":"","background-image":"","background-repeat":"repeat","background-position":"center center","background-size":"auto","background-attachment":"scroll","background-type":"","background-media":"","overlay-type":"","overlay-color":"","overlay-opacity":"","overlay-gradient":""},"tablet":{"background-color":"","background-image":"","background-repeat":"repeat","background-position":"center center","background-size":"auto","background-attachment":"scroll","background-type":"","background-media":"","overlay-type":"","overlay-color":"","overlay-opacity":"","overlay-gradient":""},"mobile":{"background-color":"","background-image":"","background-repeat":"repeat","background-position":"center center","background-size":"auto","background-attachment":"scroll","background-type":"","background-media":"","overlay-type":"","overlay-color":"","overlay-opacity":"","overlay-gradient":""}},"ast-content-background-meta":{"desktop":{"background-color":"var(--ast-global-color-5)","background-image":"","background-repeat":"repeat","background-position":"center center","background-size":"auto","background-attachment":"scroll","background-type":"","background-media":"","overlay-type":"","overlay-color":"","overlay-opacity":"","overlay-gradient":""},"tablet":{"background-color":"var(--ast-global-color-5)","background-image":"","background-repeat":"repeat","background-position":"center center","background-size":"auto","background-attachment":"scroll","background-type":"","background-media":"","overlay-type":"","overlay-color":"","overlay-opacity":"","overlay-gradient":""},"mobile":{"background-color":"var(--ast-global-color-5)","background-image":"","background-repeat":"repeat","background-position":"center center","background-size":"auto","background-attachment":"scroll","background-type":"","background-media":"","overlay-type":"","overlay-color":"","overlay-opacity":"","overlay-gradient":""}},"ngg_post_thumbnail":0,"footnotes":""},"class_list":["post-1080","page","type-page","status-publish","hentry"],"yoast_head":"<!-- This site is optimized with the Yoast SEO plugin v27.5 - https:\/\/yoast.com\/product\/yoast-seo-wordpress\/ -->\n<title>Campus Virtual -<\/title>\n<meta name=\"description\" content=\"Nuestras aulas virtuales son un entorno digital en el que se puede llevar a cabo un proceso de intercambio de conocimientos que tiene\" \/>\n<meta name=\"robots\" content=\"index, follow, max-snippet:-1, max-image-preview:large, max-video-preview:-1\" \/>\n<link rel=\"canonical\" href=\"https:\/\/accattap.com.ar\/?page_id=1080\" \/>\n<meta property=\"og:locale\" content=\"es_ES\" \/>\n<meta property=\"og:type\" content=\"article\" \/>\n<meta property=\"og:title\" content=\"Campus Virtual -\" \/>\n<meta property=\"og:description\" content=\"Nuestras aulas virtuales son un entorno digital en el que se puede llevar a cabo un proceso de intercambio de conocimientos que tiene\" \/>\n<meta property=\"og:url\" content=\"https:\/\/accattap.com.ar\/?page_id=1080\" \/>\n<meta property=\"article:modified_time\" content=\"2022-01-31T19:13:06+00:00\" \/>\n<meta property=\"og:image\" content=\"https:\/\/accattap.com.ar\/wp-content\/uploads\/2020\/04\/photo-of-people-standing-on-top-of-mountain-near-grasses-733162-1024x682.jpg\" \/>\n<meta name=\"twitter:card\" content=\"summary_large_image\" \/>\n<meta name=\"twitter:label1\" content=\"Tiempo de lectura\" \/>\n\t<meta name=\"twitter:data1\" content=\"1 minuto\" \/>\n<script type=\"application\/ld+json\" class=\"yoast-schema-graph\">{\"@context\":\"https:\\\/\\\/schema.org\",\"@graph\":[{\"@type\":\"WebPage\",\"@id\":\"https:\\\/\\\/accattap.com.ar\\\/?page_id=1080\",\"url\":\"https:\\\/\\\/accattap.com.ar\\\/?page_id=1080\",\"name\":\"Campus Virtual -\",\"isPartOf\":{\"@id\":\"https:\\\/\\\/accattap.com.ar\\\/#website\"},\"primaryImageOfPage\":{\"@id\":\"https:\\\/\\\/accattap.com.ar\\\/?page_id=1080#primaryimage\"},\"image\":{\"@id\":\"https:\\\/\\\/accattap.com.ar\\\/?page_id=1080#primaryimage\"},\"thumbnailUrl\":\"https:\\\/\\\/accattap.com.ar\\\/wp-content\\\/uploads\\\/2020\\\/04\\\/photo-of-people-standing-on-top-of-mountain-near-grasses-733162-1024x682.jpg\",\"datePublished\":\"2022-01-21T16:52:55+00:00\",\"dateModified\":\"2022-01-31T19:13:06+00:00\",\"description\":\"Nuestras aulas virtuales son un entorno digital en el que se puede llevar a cabo un proceso de intercambio de conocimientos que tiene\",\"breadcrumb\":{\"@id\":\"https:\\\/\\\/accattap.com.ar\\\/?page_id=1080#breadcrumb\"},\"inLanguage\":\"es-AR\",\"potentialAction\":[{\"@type\":\"ReadAction\",\"target\":[\"https:\\\/\\\/accattap.com.ar\\\/?page_id=1080\"]}]},{\"@type\":\"ImageObject\",\"inLanguage\":\"es-AR\",\"@id\":\"https:\\\/\\\/accattap.com.ar\\\/?page_id=1080#primaryimage\",\"url\":\"https:\\\/\\\/accattap.com.ar\\\/wp-content\\\/uploads\\\/2020\\\/04\\\/photo-of-people-standing-on-top-of-mountain-near-grasses-733162.jpg\",\"contentUrl\":\"https:\\\/\\\/accattap.com.ar\\\/wp-content\\\/uploads\\\/2020\\\/04\\\/photo-of-people-standing-on-top-of-mountain-near-grasses-733162.jpg\",\"width\":1280,\"height\":853,\"caption\":\"prueba\"},{\"@type\":\"BreadcrumbList\",\"@id\":\"https:\\\/\\\/accattap.com.ar\\\/?page_id=1080#breadcrumb\",\"itemListElement\":[{\"@type\":\"ListItem\",\"position\":1,\"name\":\"Inicio\",\"item\":\"https:\\\/\\\/accattap.com.ar\\\/\"},{\"@type\":\"ListItem\",\"position\":2,\"name\":\"Campus Virtual\"}]},{\"@type\":\"WebSite\",\"@id\":\"https:\\\/\\\/accattap.com.ar\\\/#website\",\"url\":\"https:\\\/\\\/accattap.com.ar\\\/\",\"name\":\"\",\"description\":\"Quienes formamos ACCATTAP creemos en la capacitaci\u00f3n y desarrollo humano de los trabajadores, dado que ello determina el progreso social. Y en definitiva , creer en el progreso social es pensar que ma\u00f1ana sera mejor que hoy, por lo que importa comprometerse y apostar a ese futuro y no solo contribuir a mejorarlo , sino tambi\u00e9n ser art\u00edfices en su construcci\u00f3n.\",\"publisher\":{\"@id\":\"https:\\\/\\\/accattap.com.ar\\\/#organization\"},\"potentialAction\":[{\"@type\":\"SearchAction\",\"target\":{\"@type\":\"EntryPoint\",\"urlTemplate\":\"https:\\\/\\\/accattap.com.ar\\\/?s={search_term_string}\"},\"query-input\":{\"@type\":\"PropertyValueSpecification\",\"valueRequired\":true,\"valueName\":\"search_term_string\"}}],\"inLanguage\":\"es-AR\"},{\"@type\":\"Organization\",\"@id\":\"https:\\\/\\\/accattap.com.ar\\\/#organization\",\"name\":\"ACCATTAP\",\"url\":\"https:\\\/\\\/accattap.com.ar\\\/\",\"logo\":{\"@type\":\"ImageObject\",\"inLanguage\":\"es-AR\",\"@id\":\"https:\\\/\\\/accattap.com.ar\\\/#\\\/schema\\\/logo\\\/image\\\/\",\"url\":\"https:\\\/\\\/i0.wp.com\\\/accattap.com.ar\\\/wp-content\\\/uploads\\\/2021\\\/09\\\/cropped-cropped-logo-solo-2.png?fit=540%2C517&ssl=1\",\"contentUrl\":\"https:\\\/\\\/i0.wp.com\\\/accattap.com.ar\\\/wp-content\\\/uploads\\\/2021\\\/09\\\/cropped-cropped-logo-solo-2.png?fit=540%2C517&ssl=1\",\"width\":540,\"height\":517,\"caption\":\"ACCATTAP\"},\"image\":{\"@id\":\"https:\\\/\\\/accattap.com.ar\\\/#\\\/schema\\\/logo\\\/image\\\/\"}}]}<\/script>\n<!-- \/ Yoast SEO plugin. -->","yoast_head_json":{"title":"Campus Virtual -","description":"Nuestras aulas virtuales son un entorno digital en el que se puede llevar a cabo un proceso de intercambio de conocimientos que tiene","robots":{"index":"index","follow":"follow","max-snippet":"max-snippet:-1","max-image-preview":"max-image-preview:large","max-video-preview":"max-video-preview:-1"},"canonical":"https:\/\/accattap.com.ar\/?page_id=1080","og_locale":"es_ES","og_type":"article","og_title":"Campus Virtual -","og_description":"Nuestras aulas virtuales son un entorno digital en el que se puede llevar a cabo un proceso de intercambio de conocimientos que tiene","og_url":"https:\/\/accattap.com.ar\/?page_id=1080","article_modified_time":"2022-01-31T19:13:06+00:00","og_image":[{"url":"https:\/\/accattap.com.ar\/wp-content\/uploads\/2020\/04\/photo-of-people-standing-on-top-of-mountain-near-grasses-733162-1024x682.jpg","type":"","width":"","height":""}],"twitter_card":"summary_large_image","twitter_misc":{"Tiempo de lectura":"1 minuto"},"schema":{"@context":"https:\/\/schema.org","@graph":[{"@type":"WebPage","@id":"https:\/\/accattap.com.ar\/?page_id=1080","url":"https:\/\/accattap.com.ar\/?page_id=1080","name":"Campus Virtual -","isPartOf":{"@id":"https:\/\/accattap.com.ar\/#website"},"primaryImageOfPage":{"@id":"https:\/\/accattap.com.ar\/?page_id=1080#primaryimage"},"image":{"@id":"https:\/\/accattap.com.ar\/?page_id=1080#primaryimage"},"thumbnailUrl":"https:\/\/accattap.com.ar\/wp-content\/uploads\/2020\/04\/photo-of-people-standing-on-top-of-mountain-near-grasses-733162-1024x682.jpg","datePublished":"2022-01-21T16:52:55+00:00","dateModified":"2022-01-31T19:13:06+00:00","description":"Nuestras aulas virtuales son un entorno digital en el que se puede llevar a cabo un proceso de intercambio de conocimientos que tiene","breadcrumb":{"@id":"https:\/\/accattap.com.ar\/?page_id=1080#breadcrumb"},"inLanguage":"es-AR","potentialAction":[{"@type":"ReadAction","target":["https:\/\/accattap.com.ar\/?page_id=1080"]}]},{"@type":"ImageObject","inLanguage":"es-AR","@id":"https:\/\/accattap.com.ar\/?page_id=1080#primaryimage","url":"https:\/\/accattap.com.ar\/wp-content\/uploads\/2020\/04\/photo-of-people-standing-on-top-of-mountain-near-grasses-733162.jpg","contentUrl":"https:\/\/accattap.com.ar\/wp-content\/uploads\/2020\/04\/photo-of-people-standing-on-top-of-mountain-near-grasses-733162.jpg","width":1280,"height":853,"caption":"prueba"},{"@type":"BreadcrumbList","@id":"https:\/\/accattap.com.ar\/?page_id=1080#breadcrumb","itemListElement":[{"@type":"ListItem","position":1,"name":"Inicio","item":"https:\/\/accattap.com.ar\/"},{"@type":"ListItem","position":2,"name":"Campus Virtual"}]},{"@type":"WebSite","@id":"https:\/\/accattap.com.ar\/#website","url":"https:\/\/accattap.com.ar\/","name":"","description":"Quienes formamos ACCATTAP creemos en la capacitaci\u00f3n y desarrollo humano de los trabajadores, dado que ello determina el progreso social. Y en definitiva , creer en el progreso social es pensar que ma\u00f1ana sera mejor que hoy, por lo que importa comprometerse y apostar a ese futuro y no solo contribuir a mejorarlo , sino tambi\u00e9n ser art\u00edfices en su construcci\u00f3n.","publisher":{"@id":"https:\/\/accattap.com.ar\/#organization"},"potentialAction":[{"@type":"SearchAction","target":{"@type":"EntryPoint","urlTemplate":"https:\/\/accattap.com.ar\/?s={search_term_string}"},"query-input":{"@type":"PropertyValueSpecification","valueRequired":true,"valueName":"search_term_string"}}],"inLanguage":"es-AR"},{"@type":"Organization","@id":"https:\/\/accattap.com.ar\/#organization","name":"ACCATTAP","url":"https:\/\/accattap.com.ar\/","logo":{"@type":"ImageObject","inLanguage":"es-AR","@id":"https:\/\/accattap.com.ar\/#\/schema\/logo\/image\/","url":"https:\/\/i0.wp.com\/accattap.com.ar\/wp-content\/uploads\/2021\/09\/cropped-cropped-logo-solo-2.png?fit=540%2C517&ssl=1","contentUrl":"https:\/\/i0.wp.com\/accattap.com.ar\/wp-content\/uploads\/2021\/09\/cropped-cropped-logo-solo-2.png?fit=540%2C517&ssl=1","width":540,"height":517,"caption":"ACCATTAP"},"image":{"@id":"https:\/\/accattap.com.ar\/#\/schema\/logo\/image\/"}}]}},"uagb_featured_image_src":{"full":false,"thumbnail":false,"medium":false,"medium_large":false,"large":false,"1536x1536":false,"2048x2048":false,"bm-post-thumb":false,"bm-post-medium":false,"portfolio-full":false,"portfolio-one":false,"portfolio-two":false,"portfolio-three":false,"portfolio-five":false},"uagb_author_info":{"display_name":"admin","author_link":"https:\/\/accattap.com.ar\/?author=1"},"uagb_comment_info":0,"uagb_excerpt":"CAMPUS VIRTUAL Nuestras aulas virtuales son un entorno digital en el que se puede llevar a cabo un proceso de intercambio de conocimientos que tiene por objetivo posibilitar un aprendizaje entre los usuarios que participan en el aula. Las mismas se desarrollan dentro de un espacio a trav\u00e9s de una plataforma online en la que&hellip;","_links":{"self":[{"href":"https:\/\/accattap.com.ar\/index.php?rest_route=\/wp\/v2\/pages\/1080","targetHints":{"allow":["GET"]}}],"collection":[{"href":"https:\/\/accattap.com.ar\/index.php?rest_route=\/wp\/v2\/pages"}],"about":[{"href":"https:\/\/accattap.com.ar\/index.php?rest_route=\/wp\/v2\/types\/page"}],"author":[{"embeddable":true,"href":"https:\/\/accattap.com.ar\/index.php?rest_route=\/wp\/v2\/users\/1"}],"replies":[{"embeddable":true,"href":"https:\/\/accattap.com.ar\/index.php?rest_route=%2Fwp%2Fv2%2Fcomments&post=1080"}],"version-history":[{"count":8,"href":"https:\/\/accattap.com.ar\/index.php?rest_route=\/wp\/v2\/pages\/1080\/revisions"}],"predecessor-version":[{"id":1109,"href":"https:\/\/accattap.com.ar\/index.php?rest_route=\/wp\/v2\/pages\/1080\/revisions\/1109"}],"wp:attachment":[{"href":"https:\/\/accattap.com.ar\/index.php?rest_route=%2Fwp%2Fv2%2Fmedia&parent=1080"}],"curies":[{"name":"wp","href":"https:\/\/api.w.org\/{rel}","templated":true}]}}